{"id":1179,"date":"2025-03-10T16:58:52","date_gmt":"2025-03-10T16:58:52","guid":{"rendered":"http:\/\/e-uaem.mx\/portal02\/?page_id=1179"},"modified":"2025-10-20T17:43:02","modified_gmt":"2025-10-20T17:43:02","slug":"glosario-2","status":"publish","type":"page","link":"https:\/\/e-uaem.mx\/portal02\/index.php\/glosario-2\/","title":{"rendered":"Glosario"},"content":{"rendered":"\n<p class=\"has-cm-color-5-color has-text-color has-link-color wp-elements-53bb4bd8590fa08f90d4f9b9cc38a6f3\">En este espacio encontrar\u00e1s palabras que se utilizan en este sitio web, en instrucciones de tutoriales, formularios, carteles, notas de la Direcci\u00f3n General de la Formaci\u00f3n Multimodal, e-UAEM.<\/p>\n\n\n\n<div class=\"wp-block-htgb-block-glossary is-style-boxed\"><div id=\"hg-uid\" class=\"is-style-boxed hg-glossary\"><div class=\"hg-glossary__header\"><div class=\"hg-search\"><input data-role=\"hg-search-input\" placeholder=\"Search the Glossary...\"\/><\/div><div class=\"hg-nav\"><a class=\"htgb_active_nav\" data-role=\"hg-nav-selectable\" href=\"#all\" data-name=\"all\">All<\/a><a href=\"#A\" data-name=\"A\" data-role=\"hg-nav-selectable\" class=\"\">A<\/a><a href=\"#B\" data-name=\"B\" data-role=\"hg-nav-selectable\" class=\"\">B<\/a><a href=\"#C\" data-name=\"C\" data-role=\"hg-nav-selectable\" class=\"\">C<\/a><a href=\"#D\" data-name=\"D\" data-role=\"hg-nav-selectable\" class=\"\">D<\/a><a href=\"#E\" data-name=\"E\" data-role=\"hg-nav-selectable\" class=\"\">E<\/a><a href=\"#F\" data-name=\"F\" data-role=\"hg-nav-selectable\" class=\"\">F<\/a><a href=\"#G\" data-name=\"G\" data-role=\"hg-nav-selectable\" class=\"\">G<\/a><a href=\"#L\" data-name=\"L\" data-role=\"hg-nav-selectable\" class=\"\">L<\/a><a href=\"#M\" data-name=\"M\" data-role=\"hg-nav-selectable\" class=\"\">M<\/a><a href=\"#N\" data-name=\"N\" data-role=\"hg-nav-selectable\" class=\"\">N<\/a><a href=\"#O\" data-name=\"O\" data-role=\"hg-nav-selectable\" class=\"\">O<\/a><a href=\"#P\" data-name=\"P\" data-role=\"hg-nav-selectable\" class=\"\">P<\/a><a href=\"#R\" data-name=\"R\" data-role=\"hg-nav-selectable\" class=\"\">R<\/a><a href=\"#T\" data-name=\"T\" data-role=\"hg-nav-selectable\" class=\"\">T<\/a><a href=\"#U\" data-name=\"U\" data-role=\"hg-nav-selectable\" class=\"\">U<\/a><\/div><\/div><div class=\"hg-content\"><div class=\"hg-letter-section\" data-role=\"hg-section\"><span class=\"hg-content__letter\" data-role=\"hg-section-letter\">A<\/span><dl class=\"hg-item\" data-role=\"hg-item\"><dt class=\"hg-item-title\" data-role=\"hg-item-title\">Asesor en L\u00ednea<\/dt><dd class=\"hg-item-description\" data-role=\"hg-item-description\">En ambientes virtuales al profesor se le denomina asesor porque su labor es de facilitaci\u00f3n y acompa\u00f1amiento del aprendizaje. El asesor en l\u00ednea en lugar de dar clases, est\u00e1 al pendiente del trabajo de cada uno de los alumnos y los auxilia en todas las dudas y dificultades que se les presentan. La atenci\u00f3n del asesor en ambientes virtuales es mucho m\u00e1s personalizada que en grupos presenciales tradicionales.<\/dd><\/dl><\/div><div class=\"hg-letter-section\" data-role=\"hg-section\"><span class=\"hg-content__letter\" data-role=\"hg-section-letter\">B<\/span><dl class=\"hg-item\" data-role=\"hg-item\"><dt class=\"hg-item-title\" data-role=\"hg-item-title\">b-Learning<\/dt><dd class=\"hg-item-description\" data-role=\"hg-item-description\">Este proceso de ense\u00f1anza mixto o combinado incluye tanto la formaci\u00f3n presencial, como la virtual, es decir, se trata de una formaci\u00f3n semipresencial.<\/dd><\/dl><\/div><div class=\"hg-letter-section\" data-role=\"hg-section\"><span class=\"hg-content__letter\" data-role=\"hg-section-letter\">C<\/span><dl class=\"hg-item\" data-role=\"hg-item\"><dt class=\"hg-item-title\" data-role=\"hg-item-title\">Curaci\u00f3n de Contenidos<\/dt><dd class=\"hg-item-description\" data-role=\"hg-item-description\">Procesos sistem\u00e1ticos de recopilaci\u00f3n de contenidos online, filtro y selecci\u00f3n a partir de una serie de criterios de valoraci\u00f3n, teniendo como prop\u00f3sito su distribuci\u00f3n a trav\u00e9s de repositorios u otros medios.<\/dd><\/dl><dl class=\"hg-item\" data-role=\"hg-item\"><dt class=\"hg-item-title\" data-role=\"hg-item-title\">Curso Autoadministrado de Inducci\u00f3n a la Formaci\u00f3n Multimodal<\/dt><dd class=\"hg-item-description\" data-role=\"hg-item-description\">Curso que propicia el desarrollo de las competencias para realizar actividades como colaborador en cualquiera de las fases de producci\u00f3n y\/o implementaci\u00f3n de Unidades Curriculares (Asignaturas) h\u00edbridas y virtuales.<\/dd><\/dl><\/div><div class=\"hg-letter-section\" data-role=\"hg-section\"><span class=\"hg-content__letter\" data-role=\"hg-section-letter\">D<\/span><dl class=\"hg-item\" data-role=\"hg-item\"><dt class=\"hg-item-title\" data-role=\"hg-item-title\">Dise\u00f1o Formacional<\/dt><dd class=\"hg-item-description\" data-role=\"hg-item-description\">Proceso sistem\u00e1tico que se ocupa de planear y dise\u00f1ar recursos para distintos ambientes de aprendizaje mediante la detecci\u00f3n de necesidades, desarrollo, implementaci\u00f3n y evaluaci\u00f3n de materias y programas educativos.<\/dd><\/dl><\/div><div class=\"hg-letter-section\" data-role=\"hg-section\"><span class=\"hg-content__letter\" data-role=\"hg-section-letter\">E<\/span><dl class=\"hg-item\" data-role=\"hg-item\"><dt class=\"hg-item-title\" data-role=\"hg-item-title\">e-Learning<\/dt><dd class=\"hg-item-description\" data-role=\"hg-item-description\">Proceso de ense\u00f1anza \u2013 aprendizaje que se lleva a cabo mediante sitios en Internet. Su principal caracter\u00edstica es la distancia f\u00edsica que existe entre el docente y los estudiantes. En esta formaci\u00f3n el alumno se convierte en el centro del proceso educativo, recibe acompa\u00f1amiento del asesor y se vuelve autogestor de su aprendizaje.<\/dd><\/dl><dl class=\"hg-item\" data-role=\"hg-item\"><dt class=\"hg-item-title\" data-role=\"hg-item-title\">e-uaem<\/dt><dd class=\"hg-item-description\" data-role=\"hg-item-description\">El prefijo \u201ce\u201d, al igual que en otros t\u00e9rminos compuestos como e-learning o e-mail, representa la palabra \u201celectr\u00f3nico(a)\u201d por lo que e-UAEM es la UAEM electr\u00f3nica.<\/dd><\/dl><dl class=\"hg-item\" data-role=\"hg-item\"><dt class=\"hg-item-title\" data-role=\"hg-item-title\">Entornos Virtuales de Aprendizaje<\/dt><dd class=\"hg-item-description\" data-role=\"hg-item-description\">Espacios generalmente en l\u00ednea que funcionan mediante una plataforma y que mantienen el acceso restringido s\u00f3lo a usuarios autentificados a trav\u00e9s de los cuales se llevan a cabo los procesos de aprendizaje de aquellos sujetos que por diversas razones enfrentan dificultades para el acceso a la educaci\u00f3n presencial.<\/dd><\/dl><dl class=\"hg-item\" data-role=\"hg-item\"><dt class=\"hg-item-title\" data-role=\"hg-item-title\">Espacio de Formaci\u00f3n Multimodal<\/dt><dd class=\"hg-item-description\" data-role=\"hg-item-description\">Espacio de la Universidad Aut\u00f3noma del Estado de Morelos busca satisfacer de manera flexible e innovadora las necesidades educativas de diversos sectores de la poblaci\u00f3n mediante el enriquecimiento de la experiencia de aprendizaje con el potencial de las tecnolog\u00edas.<br>\u00a0<br>Sin\u00f3nimo: e-uaem<\/dd><\/dl><\/div><div class=\"hg-letter-section\" data-role=\"hg-section\"><span class=\"hg-content__letter\" data-role=\"hg-section-letter\">F<\/span><dl class=\"hg-item\" data-role=\"hg-item\"><dt class=\"hg-item-title\" data-role=\"hg-item-title\">Formaci\u00f3n multimodal<\/dt><dd class=\"hg-item-description\" data-role=\"hg-item-description\">Un continuo de opciones de formaci\u00f3n que van desde la oferta educativa 100% presencial hasta la 100% virtual, pasando por una variedad de combinaciones posibles entre \u00e9stas, todas consideradas formas h\u00edbridas o mixtas de aprendizaje (Zorrilla, 2012).<\/dd><\/dl><\/div><div class=\"hg-letter-section\" data-role=\"hg-section\"><span class=\"hg-content__letter\" data-role=\"hg-section-letter\">G<\/span><dl class=\"hg-item\" data-role=\"hg-item\"><dt class=\"hg-item-title\" data-role=\"hg-item-title\">Galer\u00eda Virtual Universitaria<\/dt><dd class=\"hg-item-description\" data-role=\"hg-item-description\">Espacio en l\u00ednea para la creaci\u00f3n y difusi\u00f3n de obra art\u00edstica y carteles cient\u00edficos generados por la comunidad universitaria, impulsando de manera importante la interacci\u00f3n entre el visitante y el expositor.<\/dd><\/dl><\/div><div class=\"hg-letter-section\" data-role=\"hg-section\"><span class=\"hg-content__letter\" data-role=\"hg-section-letter\">L<\/span><dl class=\"hg-item\" data-role=\"hg-item\"><dt class=\"hg-item-title\" data-role=\"hg-item-title\">Ligoteca<\/dt><dd class=\"hg-item-description\" data-role=\"hg-item-description\">Espacio en l\u00ednea compuesto por v\u00ednculos clasificados a recursos en l\u00ednea de distintas \u00e1reas del conocimiento e inter\u00e9s.<\/dd><\/dl><\/div><div class=\"hg-letter-section\" data-role=\"hg-section\"><span class=\"hg-content__letter\" data-role=\"hg-section-letter\">M<\/span><dl class=\"hg-item\" data-role=\"hg-item\"><dt class=\"hg-item-title\" data-role=\"hg-item-title\">m-Learning<\/dt><dd class=\"hg-item-description\" data-role=\"hg-item-description\">Se refiere al proceso de ense\u00f1anza \u2013 aprendizaje basado en el uso de dispositivos m\u00f3viles, haciendo uso intensivo de las tecnolog\u00edas disponibles.<\/dd><\/dl><dl class=\"hg-item\" data-role=\"hg-item\"><dt class=\"hg-item-title\" data-role=\"hg-item-title\">Mediaci\u00f3n Formativa<\/dt><dd class=\"hg-item-description\" data-role=\"hg-item-description\">Conjunto de estrategias y acciones orientadas a preparar las condiciones (recursos, medios, informaci\u00f3n, situaciones) que hacen posible la intervenci\u00f3n m\u00e1s conveniente en cada momento para favorecer los aprendizajes, la adquisici\u00f3n de saberes y competencias y el proceso formativo de quien se coloca como aprendiente o sujeto en formaci\u00f3n.<\/dd><\/dl><dl class=\"hg-item\" data-role=\"hg-item\"><dt class=\"hg-item-title\" data-role=\"hg-item-title\">Metabase de Recursos Educativos<\/dt><dd class=\"hg-item-description\" data-role=\"hg-item-description\">Colecci\u00f3n de recursos educativos en l\u00ednea que integra: Una ligoteca educativa de v\u00ednculos clasificados a recursos en l\u00ednea de inter\u00e9s educativo para educaci\u00f3n media superior y educaci\u00f3n superior, y un repositorio de objetos de aprendizaje producidos por e-UAEM para cursos en l\u00ednea.<br>\u00a0<br>Abrev.: MRE<\/dd><\/dl><dl class=\"hg-item\" data-role=\"hg-item\"><dt class=\"hg-item-title\" data-role=\"hg-item-title\">Modalidad H\u00edbrida<\/dt><dd class=\"hg-item-description\" data-role=\"hg-item-description\">Combinaci\u00f3n en distintos grados, entre procesos de ense\u00f1anza-aprendizaje que se realizan de manera presencial en aula, o bien de manera virtual, utilizando tecnolog\u00edas de informaci\u00f3n y comunicaci\u00f3n (TIC\u2019s). Mod. Univ. 2010<\/dd><\/dl><dl class=\"hg-item\" data-role=\"hg-item\"><dt class=\"hg-item-title\" data-role=\"hg-item-title\">Modalidad Virtual<\/dt><dd class=\"hg-item-description\" data-role=\"hg-item-description\">Desfasa espacio y tiempo, permitiendo que cada individuo acceda al recurso educativo en el lugar y en el tiempo que le convenga, sin estar condicionado por si el tutor o los compa\u00f1eros est\u00e9n o no en l\u00ednea en ese momento. Mod. Univ. 2010<\/dd><\/dl><dl class=\"hg-item\" data-role=\"hg-item\"><dt class=\"hg-item-title\" data-role=\"hg-item-title\">Modalidades No-Convencionales<\/dt><dd class=\"hg-item-description\" data-role=\"hg-item-description\">Son una alternativa para quienes presentan dificultades para el acceso a un sistema educativo escolarizado, estas modalidades se apoyan de las TIC para ofrecer entornos de aprendizaje alternativos a trav\u00e9s de espacios virtuales. Esta alternativa integra la modalidad abierta y modalidad virtual.<\/dd><\/dl><dl class=\"hg-item\" data-role=\"hg-item\"><dt class=\"hg-item-title\" data-role=\"hg-item-title\">Moodle<\/dt><dd class=\"hg-item-description\" data-role=\"hg-item-description\">Module Object-Oriented Dynamic Learning Environment (Entorno Modular de Aprendizaje Din\u00e1mico Orientado a Objetivos).<\/dd><\/dl><dl class=\"hg-item\" data-role=\"hg-item\"><dt class=\"hg-item-title\" data-role=\"hg-item-title\">Multimodalidad<\/dt><dd class=\"hg-item-description\" data-role=\"hg-item-description\">Refiere a una oferta de cursos en modalidades educativas no convencionales, h\u00edbridas o mixtas que permite a los sujetos en formaci\u00f3n combinarlas en funci\u00f3n de sus capacidades de aprendizaje, condiciones y disponibilidad de espacios, tiempos y recursos.<\/dd><\/dl><\/div><div class=\"hg-letter-section\" data-role=\"hg-section\"><span class=\"hg-content__letter\" data-role=\"hg-section-letter\">N<\/span><dl class=\"hg-item\" data-role=\"hg-item\"><dt class=\"hg-item-title\" data-role=\"hg-item-title\">Nodo \u2013 SINED UAEM<\/dt><dd class=\"hg-item-description\" data-role=\"hg-item-description\">Espacio f\u00edsico y virtual, dentro de la Universidad Aut\u00f3noma del Estado de Morelos compuesto por:<br>Un \u00c1rea de Autoacceso con 30 equipos de c\u00f3mputo con servicio de Internet de banda ancha.<br>Una Sala Multimedia con capacidad para 30 participantes, equipada para proyectar videos, capturar sesiones en streaming y realizar videoconferencias.<br>SINED: Sistema Nacional de Educaci\u00f3n a Distancia (para m\u00e1s informaci\u00f3n favor de consultar: www.sined.mx).<\/dd><\/dl><\/div><div class=\"hg-letter-section\" data-role=\"hg-section\"><span class=\"hg-content__letter\" data-role=\"hg-section-letter\">O<\/span><dl class=\"hg-item\" data-role=\"hg-item\"><dt class=\"hg-item-title\" data-role=\"hg-item-title\">Objeto de Aprendizaje<\/dt><dd class=\"hg-item-description\" data-role=\"hg-item-description\">Conjunto de informaci\u00f3n, contenidos y\/o recursos digitales en formato multimedia, desarrollado con un fin educativo en funci\u00f3n de las necesidades del sujeto y del entorno de aprendizaje. Los Objetos de Aprendizaje deben ser accesibles, reutilizables, duraderos, breves y cumplir con los Derechos de Autor. Su creaci\u00f3n implica un proceso sistem\u00e1tico que se ocupa de planear, dise\u00f1ar, desarrollar, implementar y evaluar materias y programas educativos, a partir de la detecci\u00f3n de necesidades espec\u00edficas. Estos recursos est\u00e1n destinados a ser utilizados en distintos ambientes de aprendizaje.<\/dd><\/dl><\/div><div class=\"hg-letter-section\" data-role=\"hg-section\"><span class=\"hg-content__letter\" data-role=\"hg-section-letter\">P<\/span><dl class=\"hg-item\" data-role=\"hg-item\"><dt class=\"hg-item-title\" data-role=\"hg-item-title\">Pieza de Contenido<\/dt><dd class=\"hg-item-description\" data-role=\"hg-item-description\">Elemento digital por naturaleza, que encapsula contenido de un determinado tema o \u00e1rea y que puede presentarse en formato de texto, audio, imagen o video pudiendo ser din\u00e1mico o est\u00e1tico.<\/dd><\/dl><dl class=\"hg-item\" data-role=\"hg-item\"><dt class=\"hg-item-title\" data-role=\"hg-item-title\">Programa de Colaboraci\u00f3n Multidisciplinaria<\/dt><dd class=\"hg-item-description\" data-role=\"hg-item-description\">Programa se implementa en paralelo y de manera coordinada con el Programa de Producci\u00f3n de Asignaturas H\u00edbridas y Virtuales, en cuyo marco se generan contenidos para la mayor\u00eda de los programas educativos de nivel licenciatura de la UAEM.<br>Adem\u00e1s, el programa se integra a estos procesos de producci\u00f3n de contenidos, facilitando los espacios y las condiciones para que alumnos, docentes y profesionales de la Direcci\u00f3n e-UAEM colaboren en la producci\u00f3n de las asignaturas, al tiempo que todos los involucrados adquieren y desarrollan nuevas competencias. <br><br>Abrev.: PCM<\/dd><\/dl><dl class=\"hg-item\" data-role=\"hg-item\"><dt class=\"hg-item-title\" data-role=\"hg-item-title\">Programa de Formaci\u00f3n Multimodal<\/dt><dd class=\"hg-item-description\" data-role=\"hg-item-description\">Dependencia de la administraci\u00f3n central encargada de la implementaci\u00f3n de la multimodalidad en la UAEM.<br><br>Sin\u00f3nimo: e-UAEM<\/dd><\/dl><dl class=\"hg-item\" data-role=\"hg-item\"><dt class=\"hg-item-title\" data-role=\"hg-item-title\">Programas Educativos<\/dt><dd class=\"hg-item-description\" data-role=\"hg-item-description\">Instrumento de organizaci\u00f3n did\u00e1ctica que integra y describe el proceso pedag\u00f3gico a partir de objetivos, organizaci\u00f3n de tiempos, actividades de aprendizaje y metodolog\u00eda de evaluaci\u00f3n. <br><br>Abrev.: PE<\/dd><\/dl><\/div><div class=\"hg-letter-section\" data-role=\"hg-section\"><span class=\"hg-content__letter\" data-role=\"hg-section-letter\">R<\/span><dl class=\"hg-item\" data-role=\"hg-item\"><dt class=\"hg-item-title\" data-role=\"hg-item-title\">Repositorio de Objetos de Aprendizaje<\/dt><dd class=\"hg-item-description\" data-role=\"hg-item-description\">Espacio en l\u00ednea que permite almacenar y consultar objetos de aprendizaje de distintas \u00e1reas del conocimiento e inter\u00e9s.<\/dd><\/dl><\/div><div class=\"hg-letter-section\" data-role=\"hg-section\"><span class=\"hg-content__letter\" data-role=\"hg-section-letter\">T<\/span><dl class=\"hg-item\" data-role=\"hg-item\"><dt class=\"hg-item-title\" data-role=\"hg-item-title\">TIC<\/dt><dd class=\"hg-item-description\" data-role=\"hg-item-description\">Tecnolog\u00edas de la Informaci\u00f3n y la Comunicaci\u00f3n<\/dd><\/dl><dl class=\"hg-item\" data-role=\"hg-item\"><dt class=\"hg-item-title\" data-role=\"hg-item-title\">Tutor\u00eda Multimodal<\/dt><dd class=\"hg-item-description\" data-role=\"hg-item-description\">Seg\u00fan lo establece el Modelo Universitario de la UAEM, la tutor\u00eda es una forma de acompa\u00f1amiento y apoyo que se brinda al estudiante para procurar un mejor desempe\u00f1o en su proceso formativo, la cual puede consistir en asesor\u00eda, consejer\u00eda, orientaci\u00f3n, direcci\u00f3n de trabajo de recepcional, direcci\u00f3n de tesis, acompa\u00f1amiento en contexto y acompa\u00f1amiento acad\u00e9mico. El tutor es la figura encargada de brindar dicha tutor\u00eda y, para hacerlo, cuenta con una variedad de herramientas y posibilidades, incluidos los entornos virtuales.<br>\u00a0<br>La combinaci\u00f3n de sesiones tutoriales presenciales (individuales o grupales) con el uso de entornos virtuales es lo que se ha denominado tutor\u00eda multimodal, ya que tutor y tutorado aprovechan las diferentes modalidades de atenci\u00f3n seg\u00fan el tipo de tutor\u00eda y la necesidad espec\u00edfica que con \u00e9sta se atienda.<\/dd><\/dl><\/div><div class=\"hg-letter-section\" data-role=\"hg-section\"><span class=\"hg-content__letter\" data-role=\"hg-section-letter\">U<\/span><dl class=\"hg-item\" data-role=\"hg-item\"><dt class=\"hg-item-title\" data-role=\"hg-item-title\">Unidad Acad\u00e9mica<\/dt><dd class=\"hg-item-description\" data-role=\"hg-item-description\">Espacio f\u00edsico y acad\u00e9mico tal como facultades, escuelas, centros e institutos ubicados en distintas sedes regionales y en los distintos niveles educativos de una instituci\u00f3n educativa.<br>\u00a0<br>Abrev.: UA<\/dd><\/dl><dl class=\"hg-item\" data-role=\"hg-item\"><dt class=\"hg-item-title\" data-role=\"hg-item-title\">Unidad Curricular<\/dt><dd class=\"hg-item-description\" data-role=\"hg-item-description\">Asignatura, m\u00f3dulo o componente desarrollado para llevar a cabo el proceso de ense\u00f1anza \u2013 aprendizaje en el aula y otros entornos de aprendizaje.<\/dd><\/dl><\/div><\/div><\/div><\/div>\n\n\n\n<p><\/p>\n","protected":false},"excerpt":{"rendered":"<p>En este espacio encontrar\u00e1s palabras que se utilizan en este sitio web, en instrucciones de tutoriales, formularios, carteles, notas de<\/p>\n","protected":false},"author":1,"featured_media":0,"parent":0,"menu_order":0,"comment_status":"closed","ping_status":"closed","template":"","meta":{"colormag_page_container_layout":"default_layout","colormag_page_sidebar_layout":"default_layout","footnotes":""},"class_list":["post-1179","page","type-page","status-publish","hentry"],"magazineBlocksPostFeaturedMedia":{"thumbnail":false,"medium":false,"medium_large":false,"large":false,"1536x1536":false,"2048x2048":false,"colormag-highlighted-post":false,"colormag-featured-post-medium":false,"colormag-featured-post-small":false,"colormag-featured-image":false,"colormag-default-news":false,"colormag-featured-image-large":false,"colormag-elementor-block-extra-large-thumbnail":false,"colormag-elementor-grid-large-thumbnail":false,"colormag-elementor-grid-small-thumbnail":false,"colormag-elementor-grid-medium-large-thumbnail":false},"magazineBlocksPostAuthor":{"name":"euaem.admin","avatar":"https:\/\/secure.gravatar.com\/avatar\/db6bcfcf2c3ec6c3ae959fb3e8d51d17c93480fcd2e50154caa1c08ea5df6d96?s=96&d=mm&r=g"},"magazineBlocksPostCommentsNumber":false,"magazineBlocksPostExcerpt":"En este espacio encontrar\u00e1s palabras que se utilizan en este sitio web, en instrucciones de tutoriales, formularios, carteles, notas de","magazineBlocksPostCategories":[],"magazineBlocksPostViewCount":0,"magazineBlocksPostReadTime":8,"_links":{"self":[{"href":"https:\/\/e-uaem.mx\/portal02\/index.php\/wp-json\/wp\/v2\/pages\/1179","targetHints":{"allow":["GET"]}}],"collection":[{"href":"https:\/\/e-uaem.mx\/portal02\/index.php\/wp-json\/wp\/v2\/pages"}],"about":[{"href":"https:\/\/e-uaem.mx\/portal02\/index.php\/wp-json\/wp\/v2\/types\/page"}],"author":[{"embeddable":true,"href":"https:\/\/e-uaem.mx\/portal02\/index.php\/wp-json\/wp\/v2\/users\/1"}],"replies":[{"embeddable":true,"href":"https:\/\/e-uaem.mx\/portal02\/index.php\/wp-json\/wp\/v2\/comments?post=1179"}],"version-history":[{"count":46,"href":"https:\/\/e-uaem.mx\/portal02\/index.php\/wp-json\/wp\/v2\/pages\/1179\/revisions"}],"predecessor-version":[{"id":2825,"href":"https:\/\/e-uaem.mx\/portal02\/index.php\/wp-json\/wp\/v2\/pages\/1179\/revisions\/2825"}],"wp:attachment":[{"href":"https:\/\/e-uaem.mx\/portal02\/index.php\/wp-json\/wp\/v2\/media?parent=1179"}],"curies":[{"name":"wp","href":"https:\/\/api.w.org\/{rel}","templated":true}]}}