{"id":903,"date":"2015-07-29T13:44:44","date_gmt":"2015-07-29T13:44:44","guid":{"rendered":"https:\/\/optimus.qsandbox.com:3443\/app_user\/qsu6361\/site\/ayushstha143-magazinex-demo.sites.qsandbox.com\/?page_id=4"},"modified":"2025-10-20T20:15:24","modified_gmt":"2025-10-20T20:15:24","slug":"home-2","status":"publish","type":"page","link":"https:\/\/e-uaem.mx\/portal02\/","title":{"rendered":"Inicio"},"content":{"rendered":"\t\t<div data-elementor-type=\"wp-page\" data-elementor-id=\"903\" class=\"elementor elementor-903\">\n\t\t\t\t<div class=\"elementor-element elementor-element-4d8f0011 e-flex e-con-boxed e-con e-parent\" data-id=\"4d8f0011\" data-element_type=\"container\">\n\t\t\t\t\t<div class=\"e-con-inner\">\n\t\t\t\t<div class=\"elementor-element elementor-element-ee8f59d elementor-widget elementor-widget-spacer\" data-id=\"ee8f59d\" data-element_type=\"widget\" data-widget_type=\"spacer.default\">\n\t\t\t\t<div class=\"elementor-widget-container\">\n\t\t\t\t\t\t\t<div class=\"elementor-spacer\">\n\t\t\t<div class=\"elementor-spacer-inner\"><\/div>\n\t\t<\/div>\n\t\t\t\t\t\t<\/div>\n\t\t\t\t<\/div>\n\t\t\t\t<div class=\"elementor-element elementor-element-bbee8ea elementor-pagination-position-outside elementor-widget elementor-widget-image-carousel\" data-id=\"bbee8ea\" data-element_type=\"widget\" data-settings=\"{&quot;slides_to_show&quot;:&quot;1&quot;,&quot;navigation&quot;:&quot;dots&quot;,&quot;lazyload&quot;:&quot;yes&quot;,&quot;autoplay&quot;:&quot;yes&quot;,&quot;pause_on_hover&quot;:&quot;yes&quot;,&quot;pause_on_interaction&quot;:&quot;yes&quot;,&quot;autoplay_speed&quot;:5000,&quot;infinite&quot;:&quot;yes&quot;,&quot;effect&quot;:&quot;slide&quot;,&quot;speed&quot;:500}\" data-widget_type=\"image-carousel.default\">\n\t\t\t\t<div class=\"elementor-widget-container\">\n\t\t\t\t\t\t\t<div class=\"elementor-image-carousel-wrapper swiper\" role=\"region\" aria-roledescription=\"carousel\" aria-label=\"Celebrando la multimodalidad\" dir=\"ltr\">\n\t\t\t<div class=\"elementor-image-carousel swiper-wrapper\" aria-live=\"off\">\n\t\t\t\t\t\t\t\t<div class=\"swiper-slide\" role=\"group\" aria-roledescription=\"slide\" aria-label=\"1 de 2\"><figure class=\"swiper-slide-inner\"><img class=\"swiper-slide-image swiper-lazy\" data-src=\"https:\/\/e-uaem.mx\/portal02\/wp-content\/uploads\/2025\/10\/15anioseUAEM-1400x600.png\" alt=\"15 a\u00f1os de multimodalidad\" \/><div class=\"swiper-lazy-preloader\"><\/div><\/figure><\/div><div class=\"swiper-slide\" role=\"group\" aria-roledescription=\"slide\" aria-label=\"2 de 2\"><figure class=\"swiper-slide-inner\"><img class=\"swiper-slide-image swiper-lazy\" data-src=\"https:\/\/e-uaem.mx\/portal02\/wp-content\/uploads\/2025\/02\/07-1400x600.jpg\" alt=\"07\" \/><div class=\"swiper-lazy-preloader\"><\/div><\/figure><\/div>\t\t\t<\/div>\n\t\t\t\t\t\t\t\n\t\t\t\t\t\t\t\t\t<div class=\"swiper-pagination\"><\/div>\n\t\t\t\t\t\t\t\t\t<\/div>\n\t\t\t\t\t\t<\/div>\n\t\t\t\t<\/div>\n\t\t\t\t<div class=\"elementor-element elementor-element-80542b5 elementor-widget elementor-widget-spacer\" data-id=\"80542b5\" data-element_type=\"widget\" data-widget_type=\"spacer.default\">\n\t\t\t\t<div class=\"elementor-widget-container\">\n\t\t\t\t\t\t\t<div class=\"elementor-spacer\">\n\t\t\t<div class=\"elementor-spacer-inner\"><\/div>\n\t\t<\/div>\n\t\t\t\t\t\t<\/div>\n\t\t\t\t<\/div>\n\t\t\t\t<div class=\"elementor-element elementor-element-30a0303 elementor-widget elementor-widget-heading\" data-id=\"30a0303\" data-element_type=\"widget\" data-widget_type=\"heading.default\">\n\t\t\t\t<div class=\"elementor-widget-container\">\n\t\t\t\t\t<h2 class=\"elementor-heading-title elementor-size-default\">\u00bfQu\u00e9 es e-UAEM?<\/h2>\t\t\t\t<\/div>\n\t\t\t\t<\/div>\n\t\t\t\t<div class=\"elementor-element elementor-element-bb55519 elementor-widget elementor-widget-text-editor\" data-id=\"bb55519\" data-element_type=\"widget\" data-widget_type=\"text-editor.default\">\n\t\t\t\t<div class=\"elementor-widget-container\">\n\t\t\t\t\t\t\t\t\t<div style=\"text-align: justify; font-size: 1.25em;\">El Espacio de Formaci\u00f3n Multimodal e-UAEM es el nombre con el que se conoce a la Direcci\u00f3n General de Formaci\u00f3n Multimodal, adscrita a la Secretar\u00eda Acad\u00e9mica de la Universidad Aut\u00f3noma del Estado de Morelos (UAEM).<\/div>\t\t\t\t\t\t\t\t<\/div>\n\t\t\t\t<\/div>\n\t\t\t\t<div class=\"elementor-element elementor-element-2e37733 elementor-widget elementor-widget-spacer\" data-id=\"2e37733\" data-element_type=\"widget\" data-widget_type=\"spacer.default\">\n\t\t\t\t<div class=\"elementor-widget-container\">\n\t\t\t\t\t\t\t<div class=\"elementor-spacer\">\n\t\t\t<div class=\"elementor-spacer-inner\"><\/div>\n\t\t<\/div>\n\t\t\t\t\t\t<\/div>\n\t\t\t\t<\/div>\n\t\t\t\t\t<\/div>\n\t\t\t\t<\/div>\n\t\t<div class=\"elementor-element elementor-element-0ffc457 e-flex e-con-boxed e-con e-parent\" data-id=\"0ffc457\" data-element_type=\"container\">\n\t\t\t\t\t<div class=\"e-con-inner\">\n\t\t<div class=\"elementor-element elementor-element-ae3b9eb e-con-full e-flex e-con e-child\" data-id=\"ae3b9eb\" data-element_type=\"container\">\n\t\t\t\t<div class=\"elementor-element elementor-element-1dcc87a elementor-widget elementor-widget-heading\" data-id=\"1dcc87a\" data-element_type=\"widget\" data-widget_type=\"heading.default\">\n\t\t\t\t<div class=\"elementor-widget-container\">\n\t\t\t\t\t<h2 class=\"elementor-heading-title elementor-size-default\">Nuestra visi\u00f3n<\/h2>\t\t\t\t<\/div>\n\t\t\t\t<\/div>\n\t\t\t\t<div class=\"elementor-element elementor-element-d191a3e elementor-widget__width-initial bento-box elementor-widget elementor-widget-text-editor\" data-id=\"d191a3e\" data-element_type=\"widget\" data-widget_type=\"text-editor.default\">\n\t\t\t\t<div class=\"elementor-widget-container\">\n\t\t\t\t\t\t\t\t\t<div style=\"text-align: justify; font-size: 1.25em;\">En e-UAEM, nuestra visi\u00f3n es clara: ofrecer una formaci\u00f3n multimodal de alta calidad, flexible y creativa, dise\u00f1ada para satisfacer las necesidades educativas de todos, con especial enfoque en los j\u00f3venes y los grupos vulnerables de Morelos.<\/div><div style=\"text-align: justify; font-size: 1.25em;\">Nuestro objetivo es ser un referente nacional e internacional en modalidades no convencionales de aprendizaje, impulsando una educaci\u00f3n inclusiva y de vanguardia.<\/div>\t\t\t\t\t\t\t\t<\/div>\n\t\t\t\t<\/div>\n\t\t\t\t<\/div>\n\t\t<div class=\"elementor-element elementor-element-4b09407 e-con-full e-flex e-con e-child\" data-id=\"4b09407\" data-element_type=\"container\">\n\t\t\t\t<div class=\"elementor-element elementor-element-de34c4b elementor-widget elementor-widget-heading\" data-id=\"de34c4b\" data-element_type=\"widget\" data-widget_type=\"heading.default\">\n\t\t\t\t<div class=\"elementor-widget-container\">\n\t\t\t\t\t<h2 class=\"elementor-heading-title elementor-size-default\">Nuestra misi\u00f3n<\/h2>\t\t\t\t<\/div>\n\t\t\t\t<\/div>\n\t\t\t\t<div class=\"elementor-element elementor-element-89b6958 elementor-widget elementor-widget-text-editor\" data-id=\"89b6958\" data-element_type=\"widget\" data-widget_type=\"text-editor.default\">\n\t\t\t\t<div class=\"elementor-widget-container\">\n\t\t\t\t\t\t\t\t\t<div style=\"text-align: justify; font-size: 1.25em;\">En e-UAEM, nuestra misi\u00f3n es ofrecer productos y servicios educativos flexibles y de alta calidad, utilizando al m\u00e1ximo nuestros recursos humanos, materiales y tecnol\u00f3gicos.<\/div><div style=\"text-align: justify; font-size: 1.25em;\">Buscamos formar universitarios innovadores, cr\u00edticos, \u00e9ticos y comprometidos con la sociedad, capaces de aprender de manera independiente y colaborativa, siempre con un enfoque humanista.<\/div>\t\t\t\t\t\t\t\t<\/div>\n\t\t\t\t<\/div>\n\t\t\t\t<\/div>\n\t\t\t\t\t<\/div>\n\t\t\t\t<\/div>\n\t\t<div class=\"elementor-element elementor-element-efa47f2 e-grid bento-box e-con-boxed e-con e-parent\" data-id=\"efa47f2\" data-element_type=\"container\">\n\t\t\t\t\t<div class=\"e-con-inner\">\n\t\t\t\t<div class=\"elementor-element elementor-element-02cde7c bento-item elementor-position-top elementor-widget elementor-widget-image-box\" data-id=\"02cde7c\" data-element_type=\"widget\" data-widget_type=\"image-box.default\">\n\t\t\t\t<div class=\"elementor-widget-container\">\n\t\t\t\t\t<div class=\"elementor-image-box-wrapper\"><figure class=\"elementor-image-box-img\"><img loading=\"lazy\" decoding=\"async\" width=\"560\" height=\"560\" src=\"https:\/\/e-uaem.mx\/portal02\/wp-content\/uploads\/2025\/10\/Logo-animado-560x560-3.gif\" class=\"attachment-full size-full wp-image-2583\" alt=\"\" \/><\/figure><div class=\"elementor-image-box-content\"><h3 class=\"elementor-image-box-title\">\u00bfQu\u00e9 hacemos?<\/h3><p class=\"elementor-image-box-description\"><div>\n<a class=\"boton-enlace\">\n      M\u00e1s informaci\u00f3n\n    <\/a>\n<\/div><\/p><\/div><\/div>\t\t\t\t<\/div>\n\t\t\t\t<\/div>\n\t\t\t\t<div class=\"elementor-element elementor-element-d47d1b8 bento-item elementor-position-top elementor-widget elementor-widget-image-box\" data-id=\"d47d1b8\" data-element_type=\"widget\" data-widget_type=\"image-box.default\">\n\t\t\t\t<div class=\"elementor-widget-container\">\n\t\t\t\t\t<div class=\"elementor-image-box-wrapper\"><figure class=\"elementor-image-box-img\"><img loading=\"lazy\" decoding=\"async\" width=\"640\" height=\"640\" src=\"https:\/\/e-uaem.mx\/portal02\/wp-content\/uploads\/2025\/03\/Escuela-2.gif\" class=\"attachment-full size-full wp-image-1140\" alt=\"\" \/><\/figure><div class=\"elementor-image-box-content\"><h3 class=\"elementor-image-box-title\">Implementaci\u00f3n de la Formaci\u00f3n Multimodal<\/h3><\/div><\/div>\t\t\t\t<\/div>\n\t\t\t\t<\/div>\n\t\t\t\t<div class=\"elementor-element elementor-element-7ce2eef bento-item elementor-position-top elementor-widget elementor-widget-image-box\" data-id=\"7ce2eef\" data-element_type=\"widget\" data-widget_type=\"image-box.default\">\n\t\t\t\t<div class=\"elementor-widget-container\">\n\t\t\t\t\t<div class=\"elementor-image-box-wrapper\"><figure class=\"elementor-image-box-img\"><img loading=\"lazy\" decoding=\"async\" width=\"640\" height=\"640\" src=\"https:\/\/e-uaem.mx\/portal02\/wp-content\/uploads\/2025\/10\/produccion.gif\" class=\"attachment-full size-full wp-image-2924\" alt=\"\" \/><\/figure><div class=\"elementor-image-box-content\"><h3 class=\"elementor-image-box-title\">Producci\u00f3n de asignaturas h\u00edbridas y virtuales<\/h3><\/div><\/div>\t\t\t\t<\/div>\n\t\t\t\t<\/div>\n\t\t\t\t<div class=\"elementor-element elementor-element-167ddc6 bento-item elementor-position-top elementor-widget elementor-widget-image-box\" data-id=\"167ddc6\" data-element_type=\"widget\" data-widget_type=\"image-box.default\">\n\t\t\t\t<div class=\"elementor-widget-container\">\n\t\t\t\t\t<div class=\"elementor-image-box-wrapper\"><figure class=\"elementor-image-box-img\"><img loading=\"lazy\" decoding=\"async\" width=\"640\" height=\"640\" src=\"https:\/\/e-uaem.mx\/portal02\/wp-content\/uploads\/2025\/10\/formacion.gif\" class=\"attachment-full size-full wp-image-2919\" alt=\"\" \/><\/figure><div class=\"elementor-image-box-content\"><h3 class=\"elementor-image-box-title\">Formaci\u00f3n docente<\/h3><p class=\"elementor-image-box-description\"><div>\n<a href=\"http:\/\/e-uaem.mx\/portal02\/index.php\/formacion\/\" class=\"boton-enlace\">\n      M\u00e1s informaci\u00f3n\n    <\/a>\n<\/div><\/p><\/div><\/div>\t\t\t\t<\/div>\n\t\t\t\t<\/div>\n\t\t\t\t<div class=\"elementor-element elementor-element-42e9b54 bento-item elementor-position-top elementor-widget elementor-widget-image-box\" data-id=\"42e9b54\" data-element_type=\"widget\" data-widget_type=\"image-box.default\">\n\t\t\t\t<div class=\"elementor-widget-container\">\n\t\t\t\t\t<div class=\"elementor-image-box-wrapper\"><figure class=\"elementor-image-box-img\"><img loading=\"lazy\" decoding=\"async\" width=\"640\" height=\"640\" src=\"https:\/\/e-uaem.mx\/portal02\/wp-content\/uploads\/2025\/10\/Espacios-Virtuales.gif\" class=\"attachment-full size-full wp-image-2556\" alt=\"\" \/><\/figure><div class=\"elementor-image-box-content\"><h3 class=\"elementor-image-box-title\">Gesti\u00f3n de espacios virtuales<\/h3><p class=\"elementor-image-box-description\"><div>\n<a href=\"http:\/\/e-uaem.mx\/portal02\/index.php\/espacios\/\" class=\"boton-enlace\">\n      M\u00e1s informaci\u00f3n\n    <\/a>\n<\/div><\/p><\/div><\/div>\t\t\t\t<\/div>\n\t\t\t\t<\/div>\n\t\t\t\t<div class=\"elementor-element elementor-element-1ea216d bento-item elementor-position-top elementor-widget elementor-widget-image-box\" data-id=\"1ea216d\" data-element_type=\"widget\" data-widget_type=\"image-box.default\">\n\t\t\t\t<div class=\"elementor-widget-container\">\n\t\t\t\t\t<div class=\"elementor-image-box-wrapper\"><figure class=\"elementor-image-box-img\"><img loading=\"lazy\" decoding=\"async\" width=\"640\" height=\"640\" src=\"https:\/\/e-uaem.mx\/portal02\/wp-content\/uploads\/2025\/10\/ProyectoEspecial.gif\" class=\"attachment-full size-full wp-image-2560\" alt=\"\" \/><\/figure><div class=\"elementor-image-box-content\"><h3 class=\"elementor-image-box-title\">Proyectos especiales<\/h3><\/div><\/div>\t\t\t\t<\/div>\n\t\t\t\t<\/div>\n\t\t\t\t<div class=\"elementor-element elementor-element-cbf041d bento-item elementor-position-top elementor-widget elementor-widget-image-box\" data-id=\"cbf041d\" data-element_type=\"widget\" data-widget_type=\"image-box.default\">\n\t\t\t\t<div class=\"elementor-widget-container\">\n\t\t\t\t\t<div class=\"elementor-image-box-wrapper\"><figure class=\"elementor-image-box-img\"><img loading=\"lazy\" decoding=\"async\" width=\"640\" height=\"640\" src=\"https:\/\/e-uaem.mx\/portal02\/wp-content\/uploads\/2025\/10\/PDRE.gif\" class=\"attachment-full size-full wp-image-2579\" alt=\"\" \/><\/figure><div class=\"elementor-image-box-content\"><h3 class=\"elementor-image-box-title\">Producci\u00f3n de Recursos Educativos<\/h3><p class=\"elementor-image-box-description\"><div>\n<a href=\"https:\/\/multimedia.e-uaem.mx\/\" target=\"_blank\" class=\"boton-enlace\">\n      M\u00e1s informaci\u00f3n\n    <\/a>\n<\/div><\/p><\/div><\/div>\t\t\t\t<\/div>\n\t\t\t\t<\/div>\n\t\t\t\t<div class=\"elementor-element elementor-element-424f6c9 bento-item elementor-position-top elementor-widget elementor-widget-image-box\" data-id=\"424f6c9\" data-element_type=\"widget\" data-widget_type=\"image-box.default\">\n\t\t\t\t<div class=\"elementor-widget-container\">\n\t\t\t\t\t<div class=\"elementor-image-box-wrapper\"><figure class=\"elementor-image-box-img\"><img loading=\"lazy\" decoding=\"async\" width=\"640\" height=\"640\" src=\"https:\/\/e-uaem.mx\/portal02\/wp-content\/uploads\/2025\/10\/Evaluacion.gif\" class=\"attachment-full size-full wp-image-2566\" alt=\"\" \/><\/figure><div class=\"elementor-image-box-content\"><h3 class=\"elementor-image-box-title\">Evaluaci\u00f3n h\u00edbrida y virtual en la UAEM<\/h3><p class=\"elementor-image-box-description\"><div>\n<a href=\"http:\/\/e-uaem.mx\/portal02\/index.php\/evaluacion\/\" class=\"boton-enlace\">\n      M\u00e1s informaci\u00f3n\n    <\/a>\n<\/div><\/p><\/div><\/div>\t\t\t\t<\/div>\n\t\t\t\t<\/div>\n\t\t\t\t<div class=\"elementor-element elementor-element-879bb22 bento-item elementor-position-top elementor-widget elementor-widget-image-box\" data-id=\"879bb22\" data-element_type=\"widget\" data-widget_type=\"image-box.default\">\n\t\t\t\t<div class=\"elementor-widget-container\">\n\t\t\t\t\t<div class=\"elementor-image-box-wrapper\"><figure class=\"elementor-image-box-img\"><img loading=\"lazy\" decoding=\"async\" width=\"640\" height=\"640\" src=\"https:\/\/e-uaem.mx\/portal02\/wp-content\/uploads\/2025\/10\/CulturaDigital.gif\" class=\"attachment-full size-full wp-image-2568\" alt=\"\" \/><\/figure><div class=\"elementor-image-box-content\"><h3 class=\"elementor-image-box-title\">Programa de cultura digital<\/h3><p class=\"elementor-image-box-description\"><div>\n<a href=\"http:\/\/e-uaem.mx\/portal02\/index.php\/cultura-digital\/\" class=\"boton-enlace\">\n      M\u00e1s informaci\u00f3n\n    <\/a>\n<\/div><\/p><\/div><\/div>\t\t\t\t<\/div>\n\t\t\t\t<\/div>\n\t\t\t\t\t<\/div>\n\t\t\t\t<\/div>\n\t\t\t\t<\/div>\n\t\t","protected":false},"excerpt":{"rendered":"<p>\u00bfQu\u00e9 es e-UAEM? El Espacio de Formaci\u00f3n Multimodal e-UAEM es el nombre con el que se conoce a la Direcci\u00f3n<\/p>\n","protected":false},"author":1,"featured_media":0,"parent":0,"menu_order":0,"comment_status":"open","ping_status":"closed","template":"page-templates\/page-builder.php","meta":{"colormag_page_container_layout":"no_sidebar_full_width","colormag_page_sidebar_layout":"no_sidebar","footnotes":""},"class_list":["post-903","page","type-page","status-publish","hentry"],"magazineBlocksPostFeaturedMedia":{"thumbnail":false,"medium":false,"medium_large":false,"large":false,"1536x1536":false,"2048x2048":false,"colormag-highlighted-post":false,"colormag-featured-post-medium":false,"colormag-featured-post-small":false,"colormag-featured-image":false,"colormag-default-news":false,"colormag-featured-image-large":false,"colormag-elementor-block-extra-large-thumbnail":false,"colormag-elementor-grid-large-thumbnail":false,"colormag-elementor-grid-small-thumbnail":false,"colormag-elementor-grid-medium-large-thumbnail":false},"magazineBlocksPostAuthor":{"name":"euaem.admin","avatar":"https:\/\/secure.gravatar.com\/avatar\/db6bcfcf2c3ec6c3ae959fb3e8d51d17c93480fcd2e50154caa1c08ea5df6d96?s=96&d=mm&r=g"},"magazineBlocksPostCommentsNumber":"0","magazineBlocksPostExcerpt":"\u00bfQu\u00e9 es e-UAEM? El Espacio de Formaci\u00f3n Multimodal e-UAEM es el nombre con el que se conoce a la Direcci\u00f3n","magazineBlocksPostCategories":[],"magazineBlocksPostViewCount":0,"magazineBlocksPostReadTime":2,"_links":{"self":[{"href":"https:\/\/e-uaem.mx\/portal02\/index.php\/wp-json\/wp\/v2\/pages\/903","targetHints":{"allow":["GET"]}}],"collection":[{"href":"https:\/\/e-uaem.mx\/portal02\/index.php\/wp-json\/wp\/v2\/pages"}],"about":[{"href":"https:\/\/e-uaem.mx\/portal02\/index.php\/wp-json\/wp\/v2\/types\/page"}],"author":[{"embeddable":true,"href":"https:\/\/e-uaem.mx\/portal02\/index.php\/wp-json\/wp\/v2\/users\/1"}],"replies":[{"embeddable":true,"href":"https:\/\/e-uaem.mx\/portal02\/index.php\/wp-json\/wp\/v2\/comments?post=903"}],"version-history":[{"count":320,"href":"https:\/\/e-uaem.mx\/portal02\/index.php\/wp-json\/wp\/v2\/pages\/903\/revisions"}],"predecessor-version":[{"id":2927,"href":"https:\/\/e-uaem.mx\/portal02\/index.php\/wp-json\/wp\/v2\/pages\/903\/revisions\/2927"}],"wp:attachment":[{"href":"https:\/\/e-uaem.mx\/portal02\/index.php\/wp-json\/wp\/v2\/media?parent=903"}],"curies":[{"name":"wp","href":"https:\/\/api.w.org\/{rel}","templated":true}]}}